7
Let v be ((-2112)/30)/(2/(-5)). Suppose -f = f - 114. Suppose -31 = -4*p + f. Calculate the greatest common factor of v and p.
22
Suppose -8*f + 28 = -f. Let i(b) = 20*b - 4. Let w be i(2). Calculate the highest common divisor of w and f.
4
Let h = 567 + -14. Calculate the greatest common divisor of 14 and h.
7
Let t be (-5)/10*(1 - 27). Suppose 0*h = h - t. What is the greatest common divisor of 143 and h?
13
Suppose 5*x - 8 = 2. Let t(y) = -6*y + 21. Let z be t(3). Suppose -36 = -5*f - 2*n, -f - 3*n + z = -2*f. What is the greatest common factor of f and x?
2
Let x = -2625 - -2651. Suppose -5*z + 185 + 140 = 0. What is the greatest common factor of x and z?
13
Let q = -1749 + 1783. Calculate the highest common factor of 187 and q.
17
Suppose 0 = 4*h - 4, -4*h = -g + 44 + 10. Let v = g - 14. What is the greatest common factor of 22 and v?
22
Suppose -2*b = -4*l - 968, -5*b - 4*l + 9*l + 2410 = 0. What is the greatest common factor of 64 and b?
32
Let o be 6/(-15)*-5*129. What is the highest common factor of 6 and o?
6
Suppose c = -4*d + 188, 5*c + 4*d = c + 800. Calculate the greatest common divisor of 68 and c.
68
Suppose -6*c = -15*c - 18. Let r be ((-7)/28)/(c/16). Suppose 5*a = -2*w + 8 + 3, 17 = 2*w - a. Calculate the highest common divisor of w and r.
2
Let g = 24 + -21. Suppose 54 = u - g*p, -4*u + p + 183 = -0*p. Let o be (-3)/15 + 1989/u. Calculate the highest common divisor of 110 and o.
22
Let y = -160 + 142. Let c be 13/(4/y*(-13)/26). Calculate the greatest common divisor of 78 and c.
39
Suppose 0 = -5*v - 32 - 68. Let h be 40/(-6)*288/v. Suppose 0 = a - 3*a + h. Calculate the greatest common factor of 16 and a.
16
Suppose -44 = 4*p + 12. Let s = p + -1. Let a = -4 - s. What is the greatest common factor of 33 and a?
11
Let p = -1178 + 1549. What is the greatest common divisor of p and 106?
53
Suppose 0 = -172*u + 145*u + 42039. Calculate the highest common factor of 9 and u.
9
Suppose 0 = -6*z + 10*z + 5*j - 2624, 5*z = j + 3251. Calculate the highest common factor of z and 279.
93
Let y be 1*-56*7/2. Let w = -100 - y. Suppose x = 3*q + 6*x - 61, -3*q = -5*x - 11. What is the greatest common factor of q and w?
12
Suppose -x = 5*s - 2, 2*s + 1 = -2*x + 5. Suppose r + 13 = x*r. What is the greatest common divisor of 91 and r?
13
Suppose 3*h + 2*p - 98 = 0, -h + 3*p = 3*h - 142. Let a = -26 + h. Calculate the highest common factor of 88 and a.
8
Suppose 2*m - 806 = 8*v - 6*v, 4*m + 2*v - 1618 = 0. Calculate the highest common factor of m and 303.
101
Suppose -136 = 2*t - 556. Suppose -40 = 2*h - t. Let w be ((-51)/12)/(2/(-8)). Calculate the greatest common factor of h and w.
17
Let c(v) = -v**3 + 7*v**2 + 6*v - 5. Let p be c(7). Suppose -p*k = -33*k - 168. Calculate the greatest common divisor of k and 6.
6
Suppose -20*i + 10*i + 560 = 0. What is the highest common divisor of i and 42?
14
Let a be (-124)/(-16) - (-3)/12. Suppose -717 = -3*f - 3*b, -2*f + 5*f = -2*b + 718. Let l be (6/(-5))/((-4)/f). What is the highest common divisor of a and l?
8
Let l(m) = 7*m**2 - 60*m - 5. Let a be l(11). What is the greatest common factor of a and 117?
13
Suppose 0 = -3*r - 3*w + 45, r - w + 3 = 4*w. Let t = -7 + r. Let m = 0 + t. Calculate the highest common divisor of 45 and m.
5
Let q(y) = 7*y - 3*y - 6 + 0*y - y. Let p be q(3). Calculate the greatest common factor of p and 15.
3
Suppose -35*x + 195 = -34*x. What is the greatest common factor of 715 and x?
65
Let l(p) = p**2 - 5*p + 2. Let t be l(5). Let y(z) = z**3 + 2*z**2 - 3*z - 3. Let a be y(-3). Let i = t - a. What is the highest common factor of 15 and i?
5
Let i(m) be the first derivative of -m**3/3 + 4*m**2 - 2*m + 14. Suppose 3*y = -8 + 23. Let u be i(y). Calculate the greatest common divisor of u and 26.
13
Let u(i) be the first derivative of i**3/3 + i**2/2 - 16*i - 31. Let j be u(-7). Calculate the greatest common divisor of j and 286.
26
Suppose -2*k + 4*d = -0 - 26, -3*k = 3*d - 39. Suppose -3*r = -291 - 21. Let u be 2 + -2 - r/(-2). What is the highest common factor of u and k?
13
Let h = -9 - -23. Suppose h = 3*a + 5*g, -5*a + g = -4*g - 10. Let w be a - 0/(-1) - -25. What is the highest common divisor of w and 28?
28
Let z(v) be the first derivative of -v**3/3 + 13*v**2/2 + 14*v + 16. Let h be z(10). What is the highest common factor of h and 11?
11
Let v(z) = -z**2 + z - 3. Let s be v(4). Let n = 12 + s. Let u(a) = 2*a**2 - 4*a. Let k be u(n). What is the highest common divisor of k and 20?
10
Suppose -9*p = -8*p + 2*h - 19, -4*p = h - 69. What is the greatest common factor of 85 and p?
17
Suppose -s = 4*g - 21, -8*g + 3*g - 42 = -4*s. Suppose 0*r - 5*r = 10. Let v be -1 + r*(-54)/4. Calculate the greatest common factor of v and s.
13
Let i(m) = -2*m + 110. Let k be i(-21). What is the greatest common factor of 95 and k?
19
Suppose -3*c + 500 = g, -2*c - 655 = -6*c + g. Calculate the greatest common divisor of c and 30.
15
Suppose -a - 4*a = 0. Suppose 2*v + 7*k - 316 = 3*k, v + 3*k - 156 = a. Suppose -h - 72 = -5*h. What is the highest common factor of v and h?
18
Suppose 27456 = -44*s + 96*s. Calculate the greatest common divisor of s and 96.
48
Let i(z) = z**2 + z + 1. Let v(f) = -3*f**2 - f - 3. Let c(q) = -9*i(q) - 4*v(q). Let d be c(6). Calculate the greatest common factor of d and 9.
9
Suppose 18*n - 189 = 243. What is the highest common divisor of 48 and n?
24
Suppose x = -5*j + 4*j + 26, 4*j + x - 107 = 0. Calculate the highest common factor of 18 and j.
9
Let k = -25 + 27. Suppose -k*z + 7*i - 4*i = -444, z - i = 223. What is the greatest common factor of z and 25?
25
Suppose -5*w + 66 = 4*n, -6*n = -2*w - 5*n + 16. Let z = -145 - -155. What is the greatest common factor of w and z?
10
Let v be (1756/(-12) + -3)/((-12)/216). Calculate the greatest common factor of v and 21.
21
Let o = 184 + -170. Suppose -169 = 5*d - 519. What is the greatest common divisor of d and o?
14
Suppose -f = 4*q - 38, -4*f + 5*f = -2. Suppose 13*d = q*d + 735. What is the greatest common divisor of d and 35?
35
Let t be (-1)/(-2)*17664/16. Calculate the highest common divisor of t and 192.
24
Let s(w) be the third derivative of -3*w**4/8 + 8*w**2. Let l be s(-8). Let y = 38 + -29. What is the greatest common factor of l and y?
9
Let q(l) = 2*l**2 + l + 3. Let n be q(3). Let t(g) = -9 + 15 - 20 + 5*g. Let c be t(6). What is the greatest common divisor of c and n?
8
Let j be (-20)/(-5) - 0 - 265. Let o = j - -365. What is the greatest common divisor of o and 13?
13
Let g(x) = -x**2 + 20*x. Let t be g(20). Suppose t = 8*f - 172 - 692. Calculate the greatest common factor of f and 12.
12
Let a be ((-6)/45*9)/(1/5). Let r be (-16 - -13)*2/a. What is the highest common divisor of r and 5?
1
Suppose 4*p = -3*a + 36, -p + 0*a - 5*a = 8. Let o = -57 - -39. Let c be o*(0 + (-4)/12). What is the highest common divisor of c and p?
6
Let t be (((-5)/15)/1)/((-2)/30). Calculate the highest common factor of t and 145.
5
Let u(h) = h**2 + 4*h + 2. Let i(p) = -7 - 1 + 8 + 11 + 4*p. Let y be i(-4). Let k be u(y). What is the highest common factor of 56 and k?
7
Let u(l) = -l**3 - 16*l**2 + 37*l - 35. Let h be u(-20). What is the highest common divisor of 75 and h?
75
Let v = 8 - 53. Let j = v - -56. What is the greatest common divisor of 11 and j?
11
Suppose 15 = -5*p, 0 = -4*f + 5*p + 482 + 33. Calculate the highest common factor of f and 30.
5
Let u be (9/(-12))/((-4)/16). Suppose u*w - 88 = w. What is the greatest common divisor of w and 110?
22
Let u(o) = 2*o**2 + 27*o + 123. Let a be u(-13). What is the highest common factor of a and 66?
22
Suppose -3*l + 8*l - 100 = -5*g, -3*g + 102 = 5*l. Suppose 0 = 5*h - 2*h - 3*i - 9, -2*i = 0. Calculate the highest common divisor of l and h.
3
Let g(n) = -3*n - 10. Let x be g(-4). Let u(p) = 4*p + 3. Let o be u(x). What is the greatest common divisor of o and 11?
11
Suppose 0 = 3*j - t - 157 - 77, 0 = -3*j - t + 234. Calculate the greatest common divisor of j and 24.
6
Suppose 3 - 24 = -d. Suppose 0 = -3*r - 0*r + d. Suppose -r*k - 26 = -i - 3*k, 8 = 2*i + 3*k. Calculate the greatest common factor of i and 90.
10
Let p = -29 + 46. Suppose 10*f = p*f - 84. Calculate the greatest common factor of 60 and f.
12
Let g be 10/4 + (-1)/2. Suppose 0 = 11*w - 7